
Let x(h) = -66*h**3 - 10*h**2 - h + 8. Is x(-3) a prime number?
False
Let i(b) = 2*b - 11. Let n be i(7). Suppose -5*a + 441 = n*l + 161, 3*l + 250 = 5*a. Is a prime?
True
Suppose 2*w + 3*w + 3*j = 5, 3*w = 5*j - 31. Let z be w - (-1)/1 - 3. Is (-10)/z*(-654)/(-15) a composite number?
False
Suppose 5879 = -2*y + 1159. Let l = -3317 - y. Let o = -470 - l. Is o a composite number?
False
Let t = -29156 - -19566. Is (2/(-4))/((25/t)/5) prime?
False
Suppose -11721 = 13*b - 42947. Is b a prime number?
False
Let u(v) = -v - 5. Let q be u(-5). Let b = -150 - -219. Suppose 4*y - z = 2*z + 262, q = -y - z + b. Is y a composite number?
False
Suppose 5*q - 3*q - 44467 = 3*z, 0 = 5*q - 2*z - 111151. Is q composite?
False
Let b(a) = 4*a**2 + 17*a + 133. Is b(-20) composite?
True
Let l(g) = g - 6. Let j be l(5). Let u be 2/13 + 300/78 + -6. Is u + j - (-280 - 10) a prime number?
False
Suppose 3*y = y + 5*j + 32, 2*y = 4*j + 32. Let m(x) = -67*x - 11 - 15*x + y. Is m(-6) prime?
False
Let d(o) = o**2 + o - 10. Let y be d(3). Suppose -4*i - 348 = 2*t - 2*i, y*i = 0. Let h = 411 + t. Is h composite?
True
Suppose 4*d = z - d + 9, 0 = 4*z + 5*d - 14. Let r be 72/28 + 4/(-7) - -2. Is 8/r + 535/z a prime number?
False
Suppose 28681 = 30*x - 7*x. Is x a composite number?
True
Let b = 1686 + 3523. Is b prime?
True
Let f = 62 + -62. Suppose 2*r - 2*q - 2306 = f, -q + 5761 = 5*r - 4*q. Is r prime?
True
Let j(s) = -s**3 + 10*s**2 - 9*s + 2. Let v be j(9). Let c be 90360/84 - v/(-7). Suppose -10*z = -6*z - c. Is z prime?
True
Let g(u) = 72*u**2 - 15*u - 44. Is g(-9) a prime number?
True
Suppose 3*r = 8*r - 7920. Suppose 4*u = 1124 + r. Is u a composite number?
False
Let h be 4/14 + (-2 - 40/(-7)). Is (h + -3)/(1/4751) a composite number?
False
Let t be (-35)/45 - 4/18. Let n be (-2)/(-1 + t) - -2. Suppose 3*h - a - 414 = h, 0 = -n*h + 5*a + 635. Is h a prime number?
False
Let a = -4138 - -8187. Is a composite?
False
Let w(p) = 20*p**2 + 3*p + 2. Let q(a) = 60*a**2 + 10*a + 6. Let c(v) = -3*q(v) + 10*w(v). Let f be c(2). Suppose 590 = 4*g + f. Is g a composite number?
False
Suppose -6*b + 33340 = -3*b + 5*a, -3*b + 33300 = -3*a. Is b a composite number?
True
Let f be (3/(-2))/((-6)/12). Suppose -5*c + f*k = 6*k - 7, -2*k = c. Is (302/4 - 1)*c composite?
False
Let j(h) = -5 + 7*h**2 - 2*h - h + 6*h + 5*h**2. Is j(-6) composite?
False
Suppose 5*i + 7632 = 48617. Is i a prime number?
False
Suppose 0 = 6*h + 8*h - 70826. Is h prime?
True
Let h = -9314 - -33736. Is h a composite number?
True
Let t = -11 - -16. Suppose t*p = -20, -2*n = 2*p - 472 - 406. Suppose 5*a - 4*o - n = 0, 2*a = a - 5*o + 106. Is a prime?
False
Let r = -3328 - -6818. Suppose x - r = -3*s, 5*s + x - 3084 = 2736. Is s prime?
False
Suppose -3*n = p + 8, -4 = -p - p - n. Is 12/p + (-5260)/(-5) a prime number?
False
Let w(k) = -5*k - 5. Let b be w(-2). Suppose -645 = -5*o - b*n, -n = -6*n - 10. Is o prime?
True
Let j = 19 + -17. Suppose 1174 = j*w + 2*o + 2*o, 0 = o. Suppose 0*v - v + w = 0. Is v composite?
False
Suppose 3*t = -2*t - 20. Let a be t/22 - (-27988)/22. Let r = a - 787. Is r a prime number?
False
Let r(w) = -2*w**2 - 6*w - 4. Let o be r(-4). Let u(f) = -2 - 15*f + 14 + f**3 + 12*f**2 - 1. Is u(o) prime?
True
Suppose 4*z - 2*q - 30 = 0, -q + 5 = 2*z - 0. Suppose -z*w = w - 5274. Is w composite?
True
Suppose 7*i + 2 = 16. Suppose -i*m = -m - 2321. Is m prime?
False
Suppose 2*n = 2 + 2. Suppose 4*r - 3*c = -0*c + 1024, n*r = -4*c + 534. Is r a prime number?
False
Suppose -4*f - 119 = 17. Let l = 275 - f. Suppose -k + l = -0*k. Is k a prime number?
False
Suppose 26*v - 21*v = 17065. Let h = v - 1294. Is h composite?
True
Suppose 0 = 5*c - 3*s - 98075, -11*c + 8*c + 2*s + 58845 = 0. Is c composite?
True
Let s(o) = o**3 - 3*o**2 + 3*o + 3. Let r be s(4). Let b = r - 29. Suppose 2*d = 4*u + 430, -5*d + b*u - 4*u = -1051. Is d composite?
False
Is 21/(-14)*(-189988)/6 - -4 a composite number?
False
Let q(g) be the second derivative of -g**5/20 - g**4/3 - 2*g**3/3 - g**2 - 2*g. Let r be q(-2). Let k = r - -21. Is k a composite number?
False
Let b(a) = -10*a**3 - 10*a**2 + 8*a - 1. Let z be 36/(-3)*(-6)/(-9). Is b(z) composite?
True
Let w(v) = v - 17. Let a be w(-7). Let g = -22 - a. Suppose -94 = -2*o + 4*y, -g*o + y + 100 = -y. Is o composite?
False
Let r(g) = -g**2 + 85 + 58 + 114. Is r(0) composite?
False
Let x = 374 + -92. Suppose 0 = 2*a + 4*a - x. Is a prime?
True
Let u(h) = -18*h + 6. Let g be u(-7). Let b = -55 + g. Is b a prime number?
False
Let h(p) be the second derivative of -9*p**5/20 + p**4/6 - p**3/3 - 2*p**2 + 3*p. Let d be -1 + (-14)/(-10) - 68/20. Is h(d) a prime number?
True
Let h(y) = 9*y**3 + 3*y**2 + 3*y - 11. Is h(6) composite?
True
Is (-397197)/(-54) + 1*(-2)/4 a composite number?
True
Let j = 36 + -31. Suppose j*y - 4823 = 2532. Is y prime?
True
Suppose -2*c = -7*c - 5, 5*c = -3*k + 76012. Is k composite?
False
Let r be ((-3)/(-2))/(6/944). Let i = r - 87. Is i prime?
True
Suppose 337 = -2*y - r - 164, 5*r = 4*y + 1037. Let p = y + 646. Let a = 790 - p. Is a a composite number?
False
Suppose 265276 = 6*s + 38*s. Is s a prime number?
True
Let w = -43 - -45. Suppose 0 = -5*j + 2*j + 30. Suppose 0 = g + 3*i - 12 - j, 0 = -g + i + w. Is g a prime number?
True
Suppose -3*c + 352 = -449. Suppose -u = -2*b - 178, -4*b + 2*u = -b + c. Let j = -56 - b. Is j a composite number?
True
Let v be ((-57)/6)/(2/4). Let x = -10 - v. Suppose x = z + 2. Is z a prime number?
True
Suppose 0 = -5*m - 3 - 7, -214 = -k + 5*m. Suppose 2*u = -2*u + k. Is u composite?
True
Let p(t) = -13043*t - 56. Is p(-5) a composite number?
True
Let x(f) be the first derivative of f**3/3 + f**2 + f - 2. Let h be x(-1). Suppose -4*i = -h*i - 268. Is i composite?
False
Let l(g) = 169*g**2 + 5*g - 79. Is l(10) a composite number?
False
Suppose -4*t + 2*w + 18 = 0, 3*t = 2*t - 4*w - 18. Is t/5*(-5 + 1900) prime?
False
Let s = -13 + 22. Suppose s*h = 14*h - 335. Is h a prime number?
True
Let h(c) = -23*c**3 - 4*c**2 - 13. Let w be h(-5). Suppose 5*k - 4*r - 1370 = 3239, 3*k = -r + w. Is k composite?
True
Suppose 10*r = -18*r + 202636. Is r composite?
False
Let c = 27 + -14. Is (19812/8)/c + 1/2 prime?
True
Suppose -3*d = 3*k + 1992, -3*d + 2*d = 4*k + 2653. Let f = k + 1204. Is f prime?
True
Suppose 761 = 2*n + 231. Suppose 2*k - 849 = n. Is k composite?
False
Let w be (3/(-9))/(1/(-3)). Let j be w*4*6/(-24). Is 7*(j + 24/1) a prime number?
False
Let b be (-21)/15 - 10/(-25). Let z(r) = -409*r. Is z(b) a prime number?
True
Let t = -209 + 357. Let d = 565 - 1898. Let m = t - d. Is m a composite number?
False
Let h(n) = -8*n**2 - n - 277. Let t(g) = -7*g**2 - g - 277. Let x(f) = 5*h(f) - 6*t(f). Is x(0) a prime number?
True
Suppose -17966 - 8002 = -3*l. Suppose -b + 3*b = -y + 1727, 3*b - l = -5*y. Is y a composite number?
False
Is (-2)/10 + (-947016)/(-105) prime?
False
Suppose 9 = w + 5. Let f(n) = 4*n**2 - 6*n + 6. Let r be f(w). Suppose r = 2*y - 4*h, 3*h - 111 = -3*y - 6. Is y a composite number?
False
Let z(r) = -5*r + 10. Let d(o) = o. Let t(j) = 6*d(j) + z(j). Let b be t(-8). Suppose -4*s = -2*h - 326, -b*h - 39 = -s + 50. Is s composite?
False
Suppose -7*u + 34417 = -17320. Is u a prime number?
False
Suppose -6*b = -b - 25. Suppose 30*x = 28*x + 1188. Suppose 0 = -5*d + 4*j + 923, b*d + 3*j - 1538 = -x. Is d a prime number?
False
Is 27*9/162 + 6595/2 a prime number?
True
Let w(h) = h**2 + 9*h + 10. Let o be w(-9). Let t(d) = 72 + o + 7 - d**3 + d. Is t(0) prime?
True
Let r(m) = -6 + 40 - 6 - 44*m - 9. Is r(-5) composite?
False
Suppose 18 = -2*q + 4. Let f be (42/(-9))/q*3. Suppose -2620 = f*v - 6*v. Is v prime?
False
Let t be 6/(-15) + (-24)/(-10). Let d be 132/77 - t/(-7). Suppose 152 + 14 = 2*i + 3*a, -d*i + 190 = -3*a. Is i a composite number?
False
Suppose -3*d - 20 = -2*v + d, 10 = -5*v - 5*d. Suppose -2*r - b + 1 = 11, -v*b = 8. Let o(m) = 2*m**2 - 2*m - 1. Is o(r) a composite number?
False
Suppose 0 = -3*a - 22 + 55. Suppose -1265 - 330 = -a*z. Is z prime?
False
Suppose 44*q - 11*q - 4719 = 0. Is q a composite number?
True
Let v = -16 - -18. Suppose 4*w - 2 = -3*k, -k - 4*w = -v*k + 22. Suppose -5*m - 5*g = -445, -m - 4*g - 427 = -k*m. Is m a composite number?
True
Is 1/(-2) - (-152866)/28 composite?
True
Let